{"id":3083,"date":"2017-10-13T11:32:42","date_gmt":"2017-10-13T09:32:42","guid":{"rendered":"http:\/\/janze-athletisme.fr\/wordpress\/?page_id=3083"},"modified":"2025-09-12T17:33:05","modified_gmt":"2025-09-12T15:33:05","slug":"cadet-et","status":"publish","type":"page","link":"https:\/\/janze-athletisme.fr\/wordpress\/cadet-et\/","title":{"rendered":"Minimes et + \/ Concours et Sprint"},"content":{"rendered":"\n<h2 class=\"wp-block-heading\">&nbsp;<\/h2>\n\n\n\n<figure class=\"wp-block-image\"><img loading=\"lazy\" decoding=\"async\" width=\"300\" height=\"150\" src=\"https:\/\/janze-athletisme.fr\/wordpress\/wp-content\/uploads\/2023\/10\/Groupe-de-Sylvain-23sept2023-300x150.jpg\" alt=\"\" class=\"wp-image-15092\" srcset=\"https:\/\/janze-athletisme.fr\/wordpress\/wp-content\/uploads\/2023\/10\/Groupe-de-Sylvain-23sept2023-300x150.jpg 300w, https:\/\/janze-athletisme.fr\/wordpress\/wp-content\/uploads\/2023\/10\/Groupe-de-Sylvain-23sept2023-1024x513.jpg 1024w, https:\/\/janze-athletisme.fr\/wordpress\/wp-content\/uploads\/2023\/10\/Groupe-de-Sylvain-23sept2023-768x384.jpg 768w, https:\/\/janze-athletisme.fr\/wordpress\/wp-content\/uploads\/2023\/10\/Groupe-de-Sylvain-23sept2023-1536x769.jpg 1536w, https:\/\/janze-athletisme.fr\/wordpress\/wp-content\/uploads\/2023\/10\/Groupe-de-Sylvain-23sept2023.jpg 1998w\" sizes=\"auto, (max-width: 300px) 100vw, 300px\" \/><\/figure>\n\n\n\n<p><a href=\"https:\/\/janze-athletisme.fr\/wordpress\/wp-content\/uploads\/2023\/10\/Groupe-de-Sylvain-23sept2023.jpg\"> <\/a><\/p>\n\n\n\n<figure class=\"wp-block-image\"><img loading=\"lazy\" decoding=\"async\" width=\"300\" height=\"142\" src=\"https:\/\/janze-athletisme.fr\/wordpress\/wp-content\/uploads\/2023\/10\/Defile-Interclubs-21mai2023-300x142.jpg\" alt=\"\" class=\"wp-image-15095\" srcset=\"https:\/\/janze-athletisme.fr\/wordpress\/wp-content\/uploads\/2023\/10\/Defile-Interclubs-21mai2023-300x142.jpg 300w, https:\/\/janze-athletisme.fr\/wordpress\/wp-content\/uploads\/2023\/10\/Defile-Interclubs-21mai2023-1024x484.jpg 1024w, https:\/\/janze-athletisme.fr\/wordpress\/wp-content\/uploads\/2023\/10\/Defile-Interclubs-21mai2023-768x363.jpg 768w, https:\/\/janze-athletisme.fr\/wordpress\/wp-content\/uploads\/2023\/10\/Defile-Interclubs-21mai2023-1536x726.jpg 1536w, https:\/\/janze-athletisme.fr\/wordpress\/wp-content\/uploads\/2023\/10\/Defile-Interclubs-21mai2023.jpg 1692w\" sizes=\"auto, (max-width: 300px) 100vw, 300px\" \/><\/figure>\n\n\n\n<p><strong>Horaires d&rsquo;entrainements :<\/strong><\/p>\n\n\n\n<p>Lundi (Musculation &#8211; PPG) : 19h \u00e0 20h\u00a0<\/p>\n<p>Mardi (Sprint) : 19h \u00e0 20h30\u00a0<\/p>\n<p>Mercredi (Sprint &#8211; Haies &#8211; Longueur &#8211; Perche &#8211; Hauteur) : 17h \u00e0 19h<\/p>\n<p>Jeudi (Sprint) : 19h \u00e0 20h30\u00a0<\/p>\n<p>Vendredi (Sprint &#8211; Lancers &#8211; Triple saut) : 18h30 \u00e0 20h30<\/p>\n<p><span style=\"color: #000000;\"><strong>Whats APP :\u00a0<\/strong><\/span><\/p>\n<p><a href=\"https:\/\/chat.whatsapp.com\/EqejBHRM9PL8K17VD1PTP9?mode=ems_copy_t\">https:\/\/chat.whatsapp.com\/EqejBHRM9PL8K17VD1PTP9?mode=ems_copy_t<\/a><\/p>\n\n\n\n<p><span style=\"color: #000000;\"><strong>Entra\u00eeneurs :<\/strong> Sylvain Leroux et Mathieu Henry<\/span><\/p>\n\n\n\n<div>\u00a0<\/div>\n","protected":false},"excerpt":{"rendered":"<p>&nbsp; Horaires d&rsquo;entrainements : Lundi (Musculation &#8211; PPG) : 19h \u00e0 20h\u00a0 Mardi (Sprint) : 19h \u00e0 20h30\u00a0 Mercredi (Sprint &#8211; Haies &#8211; Longueur &#8211; Perche &#8211; Hauteur) : 17h \u00e0 19h Jeudi (Sprint) : 19h \u00e0 20h30\u00a0 Vendredi (Sprint &#8211; Lancers &#8211; Triple saut) : 18h30 \u00e0 20h30 Whats APP :\u00a0 https:\/\/chat.whatsapp.com\/EqejBHRM9PL8K17VD1PTP9?mode=ems_copy_t Entra\u00eeneurs : [&hellip;]<\/p>\n","protected":false},"author":12,"featured_media":0,"parent":0,"menu_order":0,"comment_status":"closed","ping_status":"closed","template":"","meta":{"_uag_custom_page_level_css":"","site-sidebar-layout":"default","site-content-layout":"default","ast-site-content-layout":"default","site-content-style":"default","site-sidebar-style":"default","ast-global-header-display":"","ast-banner-title-visibility":"","ast-main-header-display":"","ast-hfb-above-header-display":"","ast-hfb-below-header-display":"","ast-hfb-mobile-header-display":"","site-post-title":"","ast-breadcrumbs-content":"","ast-featured-img":"","footer-sml-layout":"","ast-disable-related-posts":"","theme-transparent-header-meta":"default","adv-header-id-meta":"","stick-header-meta":"","header-above-stick-meta":"","header-main-stick-meta":"","header-below-stick-meta":"","astra-migrate-meta-layouts":"set","ast-page-background-enabled":"default","ast-page-background-meta":{"desktop":{"background-color":"var(--ast-global-color-4)","background-image":"","background-repeat":"repeat","background-position":"center center","background-size":"auto","background-attachment":"scroll","background-type":"","background-media":"","overlay-type":"","overlay-color":"","overlay-opacity":"","overlay-gradient":""},"tablet":{"background-color":"","background-image":"","background-repeat":"repeat","background-position":"center center","background-size":"auto","background-attachment":"scroll","background-type":"","background-media":"","overlay-type":"","overlay-color":"","overlay-opacity":"","overlay-gradient":""},"mobile":{"background-color":"","background-image":"","background-repeat":"repeat","background-position":"center center","background-size":"auto","background-attachment":"scroll","background-type":"","background-media":"","overlay-type":"","overlay-color":"","overlay-opacity":"","overlay-gradient":""}},"ast-content-background-meta":{"desktop":{"background-color":"var(--ast-global-color-5)","background-image":"","background-repeat":"repeat","background-position":"center center","background-size":"auto","background-attachment":"scroll","background-type":"","background-media":"","overlay-type":"","overlay-color":"","overlay-opacity":"","overlay-gradient":""},"tablet":{"background-color":"var(--ast-global-color-5)","background-image":"","background-repeat":"repeat","background-position":"center center","background-size":"auto","background-attachment":"scroll","background-type":"","background-media":"","overlay-type":"","overlay-color":"","overlay-opacity":"","overlay-gradient":""},"mobile":{"background-color":"var(--ast-global-color-5)","background-image":"","background-repeat":"repeat","background-position":"center center","background-size":"auto","background-attachment":"scroll","background-type":"","background-media":"","overlay-type":"","overlay-color":"","overlay-opacity":"","overlay-gradient":""}},"footnotes":""},"class_list":["post-3083","page","type-page","status-publish","hentry"],"yoast_head":"<!-- This site is optimized with the Yoast SEO plugin v27.3 - https:\/\/yoast.com\/product\/yoast-seo-wordpress\/ -->\n<title>Minimes et + \/ Concours et Sprint - Janz\u00e9 Athl\u00e9tisme<\/title>\n<meta name=\"robots\" content=\"index, follow, max-snippet:-1, max-image-preview:large, max-video-preview:-1\" \/>\n<link rel=\"canonical\" href=\"https:\/\/janze-athletisme.fr\/wordpress\/cadet-et\/\" \/>\n<meta property=\"og:locale\" content=\"fr_FR\" \/>\n<meta property=\"og:type\" content=\"article\" \/>\n<meta property=\"og:title\" content=\"Minimes et + \/ Concours et Sprint - Janz\u00e9 Athl\u00e9tisme\" \/>\n<meta property=\"og:description\" content=\"&nbsp; Horaires d&rsquo;entrainements : Lundi (Musculation &#8211; PPG) : 19h \u00e0 20h\u00a0 Mardi (Sprint) : 19h \u00e0 20h30\u00a0 Mercredi (Sprint &#8211; Haies &#8211; Longueur &#8211; Perche &#8211; Hauteur) : 17h \u00e0 19h Jeudi (Sprint) : 19h \u00e0 20h30\u00a0 Vendredi (Sprint &#8211; Lancers &#8211; Triple saut) : 18h30 \u00e0 20h30 Whats APP :\u00a0 https:\/\/chat.whatsapp.com\/EqejBHRM9PL8K17VD1PTP9?mode=ems_copy_t Entra\u00eeneurs : [&hellip;]\" \/>\n<meta property=\"og:url\" content=\"https:\/\/janze-athletisme.fr\/wordpress\/cadet-et\/\" \/>\n<meta property=\"og:site_name\" content=\"Janz\u00e9 Athl\u00e9tisme\" \/>\n<meta property=\"article:publisher\" content=\"https:\/\/www.facebook.com\/groups\/1007964579346590\" \/>\n<meta property=\"article:modified_time\" content=\"2025-09-12T15:33:05+00:00\" \/>\n<meta property=\"og:image\" content=\"https:\/\/janze-athletisme.fr\/wordpress\/wp-content\/uploads\/2023\/10\/Groupe-de-Sylvain-23sept2023.jpg\" \/>\n\t<meta property=\"og:image:width\" content=\"1998\" \/>\n\t<meta property=\"og:image:height\" content=\"1000\" \/>\n\t<meta property=\"og:image:type\" content=\"image\/jpeg\" \/>\n<meta name=\"twitter:card\" content=\"summary_large_image\" \/>\n<meta name=\"twitter:label1\" content=\"Dur\u00e9e de lecture estim\u00e9e\" \/>\n\t<meta name=\"twitter:data1\" content=\"1 minute\" \/>\n<script type=\"application\/ld+json\" class=\"yoast-schema-graph\">{\"@context\":\"https:\\\/\\\/schema.org\",\"@graph\":[{\"@type\":\"WebPage\",\"@id\":\"https:\\\/\\\/janze-athletisme.fr\\\/wordpress\\\/cadet-et\\\/\",\"url\":\"https:\\\/\\\/janze-athletisme.fr\\\/wordpress\\\/cadet-et\\\/\",\"name\":\"Minimes et + \\\/ Concours et Sprint - Janz\u00e9 Athl\u00e9tisme\",\"isPartOf\":{\"@id\":\"https:\\\/\\\/janze-athletisme.fr\\\/wordpress\\\/#website\"},\"primaryImageOfPage\":{\"@id\":\"https:\\\/\\\/janze-athletisme.fr\\\/wordpress\\\/cadet-et\\\/#primaryimage\"},\"image\":{\"@id\":\"https:\\\/\\\/janze-athletisme.fr\\\/wordpress\\\/cadet-et\\\/#primaryimage\"},\"thumbnailUrl\":\"https:\\\/\\\/janze-athletisme.fr\\\/wordpress\\\/wp-content\\\/uploads\\\/2023\\\/10\\\/Groupe-de-Sylvain-23sept2023-300x150.jpg\",\"datePublished\":\"2017-10-13T09:32:42+00:00\",\"dateModified\":\"2025-09-12T15:33:05+00:00\",\"breadcrumb\":{\"@id\":\"https:\\\/\\\/janze-athletisme.fr\\\/wordpress\\\/cadet-et\\\/#breadcrumb\"},\"inLanguage\":\"fr-FR\",\"potentialAction\":[{\"@type\":\"ReadAction\",\"target\":[\"https:\\\/\\\/janze-athletisme.fr\\\/wordpress\\\/cadet-et\\\/\"]}]},{\"@type\":\"ImageObject\",\"inLanguage\":\"fr-FR\",\"@id\":\"https:\\\/\\\/janze-athletisme.fr\\\/wordpress\\\/cadet-et\\\/#primaryimage\",\"url\":\"https:\\\/\\\/janze-athletisme.fr\\\/wordpress\\\/wp-content\\\/uploads\\\/2023\\\/10\\\/Groupe-de-Sylvain-23sept2023.jpg\",\"contentUrl\":\"https:\\\/\\\/janze-athletisme.fr\\\/wordpress\\\/wp-content\\\/uploads\\\/2023\\\/10\\\/Groupe-de-Sylvain-23sept2023.jpg\",\"width\":1998,\"height\":1000},{\"@type\":\"BreadcrumbList\",\"@id\":\"https:\\\/\\\/janze-athletisme.fr\\\/wordpress\\\/cadet-et\\\/#breadcrumb\",\"itemListElement\":[{\"@type\":\"ListItem\",\"position\":1,\"name\":\"Accueil\",\"item\":\"https:\\\/\\\/janze-athletisme.fr\\\/wordpress\\\/\"},{\"@type\":\"ListItem\",\"position\":2,\"name\":\"Minimes et + \\\/ Concours et Sprint\"}]},{\"@type\":\"WebSite\",\"@id\":\"https:\\\/\\\/janze-athletisme.fr\\\/wordpress\\\/#website\",\"url\":\"https:\\\/\\\/janze-athletisme.fr\\\/wordpress\\\/\",\"name\":\"Janz\u00e9 Athl\u00e9tisme\",\"description\":\"Pays de La Roche aux F\u00e9es\",\"publisher\":{\"@id\":\"https:\\\/\\\/janze-athletisme.fr\\\/wordpress\\\/#organization\"},\"potentialAction\":[{\"@type\":\"SearchAction\",\"target\":{\"@type\":\"EntryPoint\",\"urlTemplate\":\"https:\\\/\\\/janze-athletisme.fr\\\/wordpress\\\/?s={search_term_string}\"},\"query-input\":{\"@type\":\"PropertyValueSpecification\",\"valueRequired\":true,\"valueName\":\"search_term_string\"}}],\"inLanguage\":\"fr-FR\"},{\"@type\":\"Organization\",\"@id\":\"https:\\\/\\\/janze-athletisme.fr\\\/wordpress\\\/#organization\",\"name\":\"Janz\u00e9 Athl\u00e9tisme\",\"url\":\"https:\\\/\\\/janze-athletisme.fr\\\/wordpress\\\/\",\"logo\":{\"@type\":\"ImageObject\",\"inLanguage\":\"fr-FR\",\"@id\":\"https:\\\/\\\/janze-athletisme.fr\\\/wordpress\\\/#\\\/schema\\\/logo\\\/image\\\/\",\"url\":\"https:\\\/\\\/janze-athletisme.fr\\\/wordpress\\\/wp-content\\\/uploads\\\/2015\\\/03\\\/logo-full1.jpg\",\"contentUrl\":\"https:\\\/\\\/janze-athletisme.fr\\\/wordpress\\\/wp-content\\\/uploads\\\/2015\\\/03\\\/logo-full1.jpg\",\"width\":437,\"height\":205,\"caption\":\"Janz\u00e9 Athl\u00e9tisme\"},\"image\":{\"@id\":\"https:\\\/\\\/janze-athletisme.fr\\\/wordpress\\\/#\\\/schema\\\/logo\\\/image\\\/\"},\"sameAs\":[\"https:\\\/\\\/www.facebook.com\\\/groups\\\/1007964579346590\"]}]}<\/script>\n<!-- \/ Yoast SEO plugin. -->","yoast_head_json":{"title":"Minimes et + \/ Concours et Sprint - Janz\u00e9 Athl\u00e9tisme","robots":{"index":"index","follow":"follow","max-snippet":"max-snippet:-1","max-image-preview":"max-image-preview:large","max-video-preview":"max-video-preview:-1"},"canonical":"https:\/\/janze-athletisme.fr\/wordpress\/cadet-et\/","og_locale":"fr_FR","og_type":"article","og_title":"Minimes et + \/ Concours et Sprint - Janz\u00e9 Athl\u00e9tisme","og_description":"&nbsp; Horaires d&rsquo;entrainements : Lundi (Musculation &#8211; PPG) : 19h \u00e0 20h\u00a0 Mardi (Sprint) : 19h \u00e0 20h30\u00a0 Mercredi (Sprint &#8211; Haies &#8211; Longueur &#8211; Perche &#8211; Hauteur) : 17h \u00e0 19h Jeudi (Sprint) : 19h \u00e0 20h30\u00a0 Vendredi (Sprint &#8211; Lancers &#8211; Triple saut) : 18h30 \u00e0 20h30 Whats APP :\u00a0 https:\/\/chat.whatsapp.com\/EqejBHRM9PL8K17VD1PTP9?mode=ems_copy_t Entra\u00eeneurs : [&hellip;]","og_url":"https:\/\/janze-athletisme.fr\/wordpress\/cadet-et\/","og_site_name":"Janz\u00e9 Athl\u00e9tisme","article_publisher":"https:\/\/www.facebook.com\/groups\/1007964579346590","article_modified_time":"2025-09-12T15:33:05+00:00","og_image":[{"width":1998,"height":1000,"url":"https:\/\/janze-athletisme.fr\/wordpress\/wp-content\/uploads\/2023\/10\/Groupe-de-Sylvain-23sept2023.jpg","type":"image\/jpeg"}],"twitter_card":"summary_large_image","twitter_misc":{"Dur\u00e9e de lecture estim\u00e9e":"1 minute"},"schema":{"@context":"https:\/\/schema.org","@graph":[{"@type":"WebPage","@id":"https:\/\/janze-athletisme.fr\/wordpress\/cadet-et\/","url":"https:\/\/janze-athletisme.fr\/wordpress\/cadet-et\/","name":"Minimes et + \/ Concours et Sprint - Janz\u00e9 Athl\u00e9tisme","isPartOf":{"@id":"https:\/\/janze-athletisme.fr\/wordpress\/#website"},"primaryImageOfPage":{"@id":"https:\/\/janze-athletisme.fr\/wordpress\/cadet-et\/#primaryimage"},"image":{"@id":"https:\/\/janze-athletisme.fr\/wordpress\/cadet-et\/#primaryimage"},"thumbnailUrl":"https:\/\/janze-athletisme.fr\/wordpress\/wp-content\/uploads\/2023\/10\/Groupe-de-Sylvain-23sept2023-300x150.jpg","datePublished":"2017-10-13T09:32:42+00:00","dateModified":"2025-09-12T15:33:05+00:00","breadcrumb":{"@id":"https:\/\/janze-athletisme.fr\/wordpress\/cadet-et\/#breadcrumb"},"inLanguage":"fr-FR","potentialAction":[{"@type":"ReadAction","target":["https:\/\/janze-athletisme.fr\/wordpress\/cadet-et\/"]}]},{"@type":"ImageObject","inLanguage":"fr-FR","@id":"https:\/\/janze-athletisme.fr\/wordpress\/cadet-et\/#primaryimage","url":"https:\/\/janze-athletisme.fr\/wordpress\/wp-content\/uploads\/2023\/10\/Groupe-de-Sylvain-23sept2023.jpg","contentUrl":"https:\/\/janze-athletisme.fr\/wordpress\/wp-content\/uploads\/2023\/10\/Groupe-de-Sylvain-23sept2023.jpg","width":1998,"height":1000},{"@type":"BreadcrumbList","@id":"https:\/\/janze-athletisme.fr\/wordpress\/cadet-et\/#breadcrumb","itemListElement":[{"@type":"ListItem","position":1,"name":"Accueil","item":"https:\/\/janze-athletisme.fr\/wordpress\/"},{"@type":"ListItem","position":2,"name":"Minimes et + \/ Concours et Sprint"}]},{"@type":"WebSite","@id":"https:\/\/janze-athletisme.fr\/wordpress\/#website","url":"https:\/\/janze-athletisme.fr\/wordpress\/","name":"Janz\u00e9 Athl\u00e9tisme","description":"Pays de La Roche aux F\u00e9es","publisher":{"@id":"https:\/\/janze-athletisme.fr\/wordpress\/#organization"},"potentialAction":[{"@type":"SearchAction","target":{"@type":"EntryPoint","urlTemplate":"https:\/\/janze-athletisme.fr\/wordpress\/?s={search_term_string}"},"query-input":{"@type":"PropertyValueSpecification","valueRequired":true,"valueName":"search_term_string"}}],"inLanguage":"fr-FR"},{"@type":"Organization","@id":"https:\/\/janze-athletisme.fr\/wordpress\/#organization","name":"Janz\u00e9 Athl\u00e9tisme","url":"https:\/\/janze-athletisme.fr\/wordpress\/","logo":{"@type":"ImageObject","inLanguage":"fr-FR","@id":"https:\/\/janze-athletisme.fr\/wordpress\/#\/schema\/logo\/image\/","url":"https:\/\/janze-athletisme.fr\/wordpress\/wp-content\/uploads\/2015\/03\/logo-full1.jpg","contentUrl":"https:\/\/janze-athletisme.fr\/wordpress\/wp-content\/uploads\/2015\/03\/logo-full1.jpg","width":437,"height":205,"caption":"Janz\u00e9 Athl\u00e9tisme"},"image":{"@id":"https:\/\/janze-athletisme.fr\/wordpress\/#\/schema\/logo\/image\/"},"sameAs":["https:\/\/www.facebook.com\/groups\/1007964579346590"]}]}},"uagb_featured_image_src":{"full":false,"thumbnail":false,"medium":false,"medium_large":false,"large":false,"1536x1536":false,"2048x2048":false},"uagb_author_info":{"display_name":"Laurent Meunier","author_link":"https:\/\/janze-athletisme.fr\/wordpress\/author\/laurent-meunier35\/"},"uagb_comment_info":0,"uagb_excerpt":"&nbsp; Horaires d&rsquo;entrainements : Lundi (Musculation &#8211; PPG) : 19h \u00e0 20h\u00a0 Mardi (Sprint) : 19h \u00e0 20h30\u00a0 Mercredi (Sprint &#8211; Haies &#8211; Longueur &#8211; Perche &#8211; Hauteur) : 17h \u00e0 19h Jeudi (Sprint) : 19h \u00e0 20h30\u00a0 Vendredi (Sprint &#8211; Lancers &#8211; Triple saut) : 18h30 \u00e0 20h30 Whats APP :\u00a0 https:\/\/chat.whatsapp.com\/EqejBHRM9PL8K17VD1PTP9?mode=ems_copy_t Entra\u00eeneurs :\u2026","_links":{"self":[{"href":"https:\/\/janze-athletisme.fr\/wordpress\/wp-json\/wp\/v2\/pages\/3083","targetHints":{"allow":["GET"]}}],"collection":[{"href":"https:\/\/janze-athletisme.fr\/wordpress\/wp-json\/wp\/v2\/pages"}],"about":[{"href":"https:\/\/janze-athletisme.fr\/wordpress\/wp-json\/wp\/v2\/types\/page"}],"author":[{"embeddable":true,"href":"https:\/\/janze-athletisme.fr\/wordpress\/wp-json\/wp\/v2\/users\/12"}],"replies":[{"embeddable":true,"href":"https:\/\/janze-athletisme.fr\/wordpress\/wp-json\/wp\/v2\/comments?post=3083"}],"version-history":[{"count":10,"href":"https:\/\/janze-athletisme.fr\/wordpress\/wp-json\/wp\/v2\/pages\/3083\/revisions"}],"predecessor-version":[{"id":27098,"href":"https:\/\/janze-athletisme.fr\/wordpress\/wp-json\/wp\/v2\/pages\/3083\/revisions\/27098"}],"wp:attachment":[{"href":"https:\/\/janze-athletisme.fr\/wordpress\/wp-json\/wp\/v2\/media?parent=3083"}],"curies":[{"name":"wp","href":"https:\/\/api.w.org\/{rel}","templated":true}]}}