{"id":1559,"date":"2016-04-16T22:59:31","date_gmt":"2016-04-16T20:59:31","guid":{"rendered":"http:\/\/janze-athletisme.fr\/wordpress\/?page_id=1559"},"modified":"2025-05-27T22:53:11","modified_gmt":"2025-05-27T20:53:11","slug":"nous-contacter","status":"publish","type":"page","link":"https:\/\/janze-athletisme.fr\/wordpress\/nous-contacter\/","title":{"rendered":"Contacts"},"content":{"rendered":"<h1 style=\"text-align: center;\"><span style=\"color: #800000;\"><b><u>VOS CONTACTS<\/u><\/b><\/span><\/h1>\n<p><span style=\"color: #000000;\"><strong>Le conseil d&rsquo;administration :<\/strong><\/span><span style=\"color: #ff0000;\">\u00a0<\/span><a href=\"mailto:janze.athletisme@gmail.com\"><em><span style=\"color: #ff0000;\">janze.athletisme@gmail.com<\/span><\/em><\/a><\/p>\n<p><span style=\"color: #000000;\"><strong>La section hors stade<\/strong> :<\/span>\u00a0<a href=\"mailto:janze.athletisme.horsstade@gmail.com\"><em><span style=\"color: #ff0000;\">janze.athletisme.horsstade@gmail.com<\/span><\/em><\/a><\/p>\n<p><span style=\"color: #000000;\"><strong>La section<\/strong> <strong>jeunes<\/strong> :<\/span><span style=\"color: #ff0000;\">\u00a0<em><a style=\"color: #ff0000;\" href=\"mailto:janze.athle.jeunes@gmail.com\">janze.athle.jeunes@gmail.com<\/a><\/em><\/span><\/p>\n<p><strong><span style=\"color: #000000;\">La section marche nordique<\/span> :<\/strong>\u00a0<span style=\"color: #ff0000;\"><em><u>janze.athletisme.marchenordique@gmail.com<\/u><\/em><\/span><\/p>\n<p><span style=\"color: #000000;\"><strong>Le webmaster<\/strong> :<\/span><span style=\"color: #ff0000;\">\u00a0<\/span><a href=\"mailto:janze.athletisme.siteinternet@gmail.com\"><em><span style=\"color: #ff0000;\">janze.athletisme.siteinternet@gmail.com<\/span><\/em><\/a><\/p>\n<p><strong><span style=\"color: #000000;\">Page facebook AC Cesson:<\/span> <a href=\"https:\/\/www.facebook.com\/groups\/7101893815\/permalink\/10160455936578816\"><span style=\"color: #ff0000;\">Clic<\/span><\/a><\/strong><\/p>\n<p><span style=\"color: #000000;\"><strong>Site internet AC Cesson: <a href=\"https:\/\/accesson.fr\/\"><span style=\"color: #ff0000;\">CLIC<\/span><\/a><br \/><\/strong><\/span><\/p>\n<p><span style=\"color: #000000;\"><strong>Page facebook BBA (Bain de Bretagne Athl\u00e9tisme)<\/strong><\/span>:\u00a0<strong><a href=\"https:\/\/www.facebook.com\/USB.athletisme.baindebretagne\"><span style=\"color: #ff0000;\">Re-Clic<\/span><\/a><\/strong><\/p>\n\n","protected":false},"excerpt":{"rendered":"<p>VOS CONTACTS Le conseil d&rsquo;administration :\u00a0janze.athletisme@gmail.com La section hors stade :\u00a0janze.athletisme.horsstade@gmail.com La section jeunes :\u00a0janze.athle.jeunes@gmail.com La section marche nordique :\u00a0janze.athletisme.marchenordique@gmail.com Le webmaster :\u00a0janze.athletisme.siteinternet@gmail.com Page facebook AC Cesson: Clic Site internet AC Cesson: CLIC Page facebook BBA (Bain de Bretagne Athl\u00e9tisme):\u00a0Re-Clic<\/p>\n","protected":false},"author":3,"featured_media":0,"parent":0,"menu_order":0,"comment_status":"closed","ping_status":"closed","template":"","meta":{"_uag_custom_page_level_css":"","site-sidebar-layout":"default","site-content-layout":"","ast-site-content-layout":"default","site-content-style":"default","site-sidebar-style":"default","ast-global-header-display":"","ast-banner-title-visibility":"","ast-main-header-display":"","ast-hfb-above-header-display":"","ast-hfb-below-header-display":"","ast-hfb-mobile-header-display":"","site-post-title":"disabled","ast-breadcrumbs-content":"","ast-featured-img":"","footer-sml-layout":"","ast-disable-related-posts":"","theme-transparent-header-meta":"","adv-header-id-meta":"","stick-header-meta":"","header-above-stick-meta":"","header-main-stick-meta":"","header-below-stick-meta":"","astra-migrate-meta-layouts":"set","ast-page-background-enabled":"default","ast-page-background-meta":{"desktop":{"background-color":"var(--ast-global-color-4)","background-image":"","background-repeat":"repeat","background-position":"center center","background-size":"auto","background-attachment":"scroll","background-type":"","background-media":"","overlay-type":"","overlay-color":"","overlay-opacity":"","overlay-gradient":""},"tablet":{"background-color":"","background-image":"","background-repeat":"repeat","background-position":"center center","background-size":"auto","background-attachment":"scroll","background-type":"","background-media":"","overlay-type":"","overlay-color":"","overlay-opacity":"","overlay-gradient":""},"mobile":{"background-color":"","background-image":"","background-repeat":"repeat","background-position":"center center","background-size":"auto","background-attachment":"scroll","background-type":"","background-media":"","overlay-type":"","overlay-color":"","overlay-opacity":"","overlay-gradient":""}},"ast-content-background-meta":{"desktop":{"background-color":"var(--ast-global-color-5)","background-image":"","background-repeat":"repeat","background-position":"center center","background-size":"auto","background-attachment":"scroll","background-type":"","background-media":"","overlay-type":"","overlay-color":"","overlay-opacity":"","overlay-gradient":""},"tablet":{"background-color":"var(--ast-global-color-5)","background-image":"","background-repeat":"repeat","background-position":"center center","background-size":"auto","background-attachment":"scroll","background-type":"","background-media":"","overlay-type":"","overlay-color":"","overlay-opacity":"","overlay-gradient":""},"mobile":{"background-color":"var(--ast-global-color-5)","background-image":"","background-repeat":"repeat","background-position":"center center","background-size":"auto","background-attachment":"scroll","background-type":"","background-media":"","overlay-type":"","overlay-color":"","overlay-opacity":"","overlay-gradient":""}},"footnotes":""},"class_list":["post-1559","page","type-page","status-publish","hentry"],"yoast_head":"<!-- This site is optimized with the Yoast SEO plugin v27.3 - https:\/\/yoast.com\/product\/yoast-seo-wordpress\/ -->\n<title>Contacts - Janz\u00e9 Athl\u00e9tisme<\/title>\n<meta name=\"robots\" content=\"index, follow, max-snippet:-1, max-image-preview:large, max-video-preview:-1\" \/>\n<link rel=\"canonical\" href=\"https:\/\/janze-athletisme.fr\/wordpress\/nous-contacter\/\" \/>\n<meta property=\"og:locale\" content=\"fr_FR\" \/>\n<meta property=\"og:type\" content=\"article\" \/>\n<meta property=\"og:title\" content=\"Contacts - Janz\u00e9 Athl\u00e9tisme\" \/>\n<meta property=\"og:description\" content=\"VOS CONTACTS Le conseil d&rsquo;administration :\u00a0janze.athletisme@gmail.com La section hors stade :\u00a0janze.athletisme.horsstade@gmail.com La section jeunes :\u00a0janze.athle.jeunes@gmail.com La section marche nordique :\u00a0janze.athletisme.marchenordique@gmail.com Le webmaster :\u00a0janze.athletisme.siteinternet@gmail.com Page facebook AC Cesson: Clic Site internet AC Cesson: CLIC Page facebook BBA (Bain de Bretagne Athl\u00e9tisme):\u00a0Re-Clic\" \/>\n<meta property=\"og:url\" content=\"https:\/\/janze-athletisme.fr\/wordpress\/nous-contacter\/\" \/>\n<meta property=\"og:site_name\" content=\"Janz\u00e9 Athl\u00e9tisme\" \/>\n<meta property=\"article:publisher\" content=\"https:\/\/www.facebook.com\/groups\/1007964579346590\" \/>\n<meta property=\"article:modified_time\" content=\"2025-05-27T20:53:11+00:00\" \/>\n<meta name=\"twitter:card\" content=\"summary_large_image\" \/>\n<meta name=\"twitter:label1\" content=\"Dur\u00e9e de lecture estim\u00e9e\" \/>\n\t<meta name=\"twitter:data1\" content=\"1 minute\" \/>\n<script type=\"application\/ld+json\" class=\"yoast-schema-graph\">{\"@context\":\"https:\\\/\\\/schema.org\",\"@graph\":[{\"@type\":\"WebPage\",\"@id\":\"https:\\\/\\\/janze-athletisme.fr\\\/wordpress\\\/nous-contacter\\\/\",\"url\":\"https:\\\/\\\/janze-athletisme.fr\\\/wordpress\\\/nous-contacter\\\/\",\"name\":\"Contacts - Janz\u00e9 Athl\u00e9tisme\",\"isPartOf\":{\"@id\":\"https:\\\/\\\/janze-athletisme.fr\\\/wordpress\\\/#website\"},\"datePublished\":\"2016-04-16T20:59:31+00:00\",\"dateModified\":\"2025-05-27T20:53:11+00:00\",\"breadcrumb\":{\"@id\":\"https:\\\/\\\/janze-athletisme.fr\\\/wordpress\\\/nous-contacter\\\/#breadcrumb\"},\"inLanguage\":\"fr-FR\",\"potentialAction\":[{\"@type\":\"ReadAction\",\"target\":[\"https:\\\/\\\/janze-athletisme.fr\\\/wordpress\\\/nous-contacter\\\/\"]}]},{\"@type\":\"BreadcrumbList\",\"@id\":\"https:\\\/\\\/janze-athletisme.fr\\\/wordpress\\\/nous-contacter\\\/#breadcrumb\",\"itemListElement\":[{\"@type\":\"ListItem\",\"position\":1,\"name\":\"Accueil\",\"item\":\"https:\\\/\\\/janze-athletisme.fr\\\/wordpress\\\/\"},{\"@type\":\"ListItem\",\"position\":2,\"name\":\"Contacts\"}]},{\"@type\":\"WebSite\",\"@id\":\"https:\\\/\\\/janze-athletisme.fr\\\/wordpress\\\/#website\",\"url\":\"https:\\\/\\\/janze-athletisme.fr\\\/wordpress\\\/\",\"name\":\"Janz\u00e9 Athl\u00e9tisme\",\"description\":\"Pays de La Roche aux F\u00e9es\",\"publisher\":{\"@id\":\"https:\\\/\\\/janze-athletisme.fr\\\/wordpress\\\/#organization\"},\"potentialAction\":[{\"@type\":\"SearchAction\",\"target\":{\"@type\":\"EntryPoint\",\"urlTemplate\":\"https:\\\/\\\/janze-athletisme.fr\\\/wordpress\\\/?s={search_term_string}\"},\"query-input\":{\"@type\":\"PropertyValueSpecification\",\"valueRequired\":true,\"valueName\":\"search_term_string\"}}],\"inLanguage\":\"fr-FR\"},{\"@type\":\"Organization\",\"@id\":\"https:\\\/\\\/janze-athletisme.fr\\\/wordpress\\\/#organization\",\"name\":\"Janz\u00e9 Athl\u00e9tisme\",\"url\":\"https:\\\/\\\/janze-athletisme.fr\\\/wordpress\\\/\",\"logo\":{\"@type\":\"ImageObject\",\"inLanguage\":\"fr-FR\",\"@id\":\"https:\\\/\\\/janze-athletisme.fr\\\/wordpress\\\/#\\\/schema\\\/logo\\\/image\\\/\",\"url\":\"https:\\\/\\\/janze-athletisme.fr\\\/wordpress\\\/wp-content\\\/uploads\\\/2015\\\/03\\\/logo-full1.jpg\",\"contentUrl\":\"https:\\\/\\\/janze-athletisme.fr\\\/wordpress\\\/wp-content\\\/uploads\\\/2015\\\/03\\\/logo-full1.jpg\",\"width\":437,\"height\":205,\"caption\":\"Janz\u00e9 Athl\u00e9tisme\"},\"image\":{\"@id\":\"https:\\\/\\\/janze-athletisme.fr\\\/wordpress\\\/#\\\/schema\\\/logo\\\/image\\\/\"},\"sameAs\":[\"https:\\\/\\\/www.facebook.com\\\/groups\\\/1007964579346590\"]}]}<\/script>\n<!-- \/ Yoast SEO plugin. -->","yoast_head_json":{"title":"Contacts - Janz\u00e9 Athl\u00e9tisme","robots":{"index":"index","follow":"follow","max-snippet":"max-snippet:-1","max-image-preview":"max-image-preview:large","max-video-preview":"max-video-preview:-1"},"canonical":"https:\/\/janze-athletisme.fr\/wordpress\/nous-contacter\/","og_locale":"fr_FR","og_type":"article","og_title":"Contacts - Janz\u00e9 Athl\u00e9tisme","og_description":"VOS CONTACTS Le conseil d&rsquo;administration :\u00a0janze.athletisme@gmail.com La section hors stade :\u00a0janze.athletisme.horsstade@gmail.com La section jeunes :\u00a0janze.athle.jeunes@gmail.com La section marche nordique :\u00a0janze.athletisme.marchenordique@gmail.com Le webmaster :\u00a0janze.athletisme.siteinternet@gmail.com Page facebook AC Cesson: Clic Site internet AC Cesson: CLIC Page facebook BBA (Bain de Bretagne Athl\u00e9tisme):\u00a0Re-Clic","og_url":"https:\/\/janze-athletisme.fr\/wordpress\/nous-contacter\/","og_site_name":"Janz\u00e9 Athl\u00e9tisme","article_publisher":"https:\/\/www.facebook.com\/groups\/1007964579346590","article_modified_time":"2025-05-27T20:53:11+00:00","twitter_card":"summary_large_image","twitter_misc":{"Dur\u00e9e de lecture estim\u00e9e":"1 minute"},"schema":{"@context":"https:\/\/schema.org","@graph":[{"@type":"WebPage","@id":"https:\/\/janze-athletisme.fr\/wordpress\/nous-contacter\/","url":"https:\/\/janze-athletisme.fr\/wordpress\/nous-contacter\/","name":"Contacts - Janz\u00e9 Athl\u00e9tisme","isPartOf":{"@id":"https:\/\/janze-athletisme.fr\/wordpress\/#website"},"datePublished":"2016-04-16T20:59:31+00:00","dateModified":"2025-05-27T20:53:11+00:00","breadcrumb":{"@id":"https:\/\/janze-athletisme.fr\/wordpress\/nous-contacter\/#breadcrumb"},"inLanguage":"fr-FR","potentialAction":[{"@type":"ReadAction","target":["https:\/\/janze-athletisme.fr\/wordpress\/nous-contacter\/"]}]},{"@type":"BreadcrumbList","@id":"https:\/\/janze-athletisme.fr\/wordpress\/nous-contacter\/#breadcrumb","itemListElement":[{"@type":"ListItem","position":1,"name":"Accueil","item":"https:\/\/janze-athletisme.fr\/wordpress\/"},{"@type":"ListItem","position":2,"name":"Contacts"}]},{"@type":"WebSite","@id":"https:\/\/janze-athletisme.fr\/wordpress\/#website","url":"https:\/\/janze-athletisme.fr\/wordpress\/","name":"Janz\u00e9 Athl\u00e9tisme","description":"Pays de La Roche aux F\u00e9es","publisher":{"@id":"https:\/\/janze-athletisme.fr\/wordpress\/#organization"},"potentialAction":[{"@type":"SearchAction","target":{"@type":"EntryPoint","urlTemplate":"https:\/\/janze-athletisme.fr\/wordpress\/?s={search_term_string}"},"query-input":{"@type":"PropertyValueSpecification","valueRequired":true,"valueName":"search_term_string"}}],"inLanguage":"fr-FR"},{"@type":"Organization","@id":"https:\/\/janze-athletisme.fr\/wordpress\/#organization","name":"Janz\u00e9 Athl\u00e9tisme","url":"https:\/\/janze-athletisme.fr\/wordpress\/","logo":{"@type":"ImageObject","inLanguage":"fr-FR","@id":"https:\/\/janze-athletisme.fr\/wordpress\/#\/schema\/logo\/image\/","url":"https:\/\/janze-athletisme.fr\/wordpress\/wp-content\/uploads\/2015\/03\/logo-full1.jpg","contentUrl":"https:\/\/janze-athletisme.fr\/wordpress\/wp-content\/uploads\/2015\/03\/logo-full1.jpg","width":437,"height":205,"caption":"Janz\u00e9 Athl\u00e9tisme"},"image":{"@id":"https:\/\/janze-athletisme.fr\/wordpress\/#\/schema\/logo\/image\/"},"sameAs":["https:\/\/www.facebook.com\/groups\/1007964579346590"]}]}},"uagb_featured_image_src":{"full":false,"thumbnail":false,"medium":false,"medium_large":false,"large":false,"1536x1536":false,"2048x2048":false},"uagb_author_info":{"display_name":"Fr\u00e9d\u00e9ric Graye","author_link":"https:\/\/janze-athletisme.fr\/wordpress\/author\/jathe_adm\/"},"uagb_comment_info":0,"uagb_excerpt":"VOS CONTACTS Le conseil d&rsquo;administration :\u00a0janze.athletisme@gmail.com La section hors stade :\u00a0janze.athletisme.horsstade@gmail.com La section jeunes :\u00a0janze.athle.jeunes@gmail.com La section marche nordique :\u00a0janze.athletisme.marchenordique@gmail.com Le webmaster :\u00a0janze.athletisme.siteinternet@gmail.com Page facebook AC Cesson: Clic Site internet AC Cesson: CLIC Page facebook BBA (Bain de Bretagne Athl\u00e9tisme):\u00a0Re-Clic","_links":{"self":[{"href":"https:\/\/janze-athletisme.fr\/wordpress\/wp-json\/wp\/v2\/pages\/1559","targetHints":{"allow":["GET"]}}],"collection":[{"href":"https:\/\/janze-athletisme.fr\/wordpress\/wp-json\/wp\/v2\/pages"}],"about":[{"href":"https:\/\/janze-athletisme.fr\/wordpress\/wp-json\/wp\/v2\/types\/page"}],"author":[{"embeddable":true,"href":"https:\/\/janze-athletisme.fr\/wordpress\/wp-json\/wp\/v2\/users\/3"}],"replies":[{"embeddable":true,"href":"https:\/\/janze-athletisme.fr\/wordpress\/wp-json\/wp\/v2\/comments?post=1559"}],"version-history":[{"count":10,"href":"https:\/\/janze-athletisme.fr\/wordpress\/wp-json\/wp\/v2\/pages\/1559\/revisions"}],"predecessor-version":[{"id":25516,"href":"https:\/\/janze-athletisme.fr\/wordpress\/wp-json\/wp\/v2\/pages\/1559\/revisions\/25516"}],"wp:attachment":[{"href":"https:\/\/janze-athletisme.fr\/wordpress\/wp-json\/wp\/v2\/media?parent=1559"}],"curies":[{"name":"wp","href":"https:\/\/api.w.org\/{rel}","templated":true}]}}