{"version":"1.0","provider_name":"Janz\u00e9 Athl\u00e9tisme","provider_url":"https:\/\/janze-athletisme.fr\/wordpress","author_name":"Laurent Meunier","author_url":"https:\/\/janze-athletisme.fr\/wordpress\/author\/laurent-meunier35\/","title":"R\u00e9gionaux : un bilan global tr\u00e8s satisfaisant - Janz\u00e9 Athl\u00e9tisme","type":"rich","width":600,"height":338,"html":"<blockquote class=\"wp-embedded-content\" data-secret=\"4WL1Lx0HgM\"><a href=\"https:\/\/janze-athletisme.fr\/wordpress\/regionaux-un-bilan-global-tres-satisfaisant\/\">R\u00e9gionaux : un bilan global tr\u00e8s satisfaisant<\/a><\/blockquote><iframe sandbox=\"allow-scripts\" security=\"restricted\" src=\"https:\/\/janze-athletisme.fr\/wordpress\/regionaux-un-bilan-global-tres-satisfaisant\/embed\/#?secret=4WL1Lx0HgM\" width=\"600\" height=\"338\" title=\"\u00ab\u00a0R\u00e9gionaux : un bilan global tr\u00e8s satisfaisant\u00a0\u00bb &#8212; Janz\u00e9 Athl\u00e9tisme\" data-secret=\"4WL1Lx0HgM\" frameborder=\"0\" marginwidth=\"0\" marginheight=\"0\" scrolling=\"no\" class=\"wp-embedded-content\"><\/iframe><script>\n\/*! This file is auto-generated *\/\n!function(d,l){\"use strict\";l.querySelector&&d.addEventListener&&\"undefined\"!=typeof URL&&(d.wp=d.wp||{},d.wp.receiveEmbedMessage||(d.wp.receiveEmbedMessage=function(e){var t=e.data;if((t||t.secret||t.message||t.value)&&!\/[^a-zA-Z0-9]\/.test(t.secret)){for(var s,r,n,a=l.querySelectorAll('iframe[data-secret=\"'+t.secret+'\"]'),o=l.querySelectorAll('blockquote[data-secret=\"'+t.secret+'\"]'),c=new RegExp(\"^https?:$\",\"i\"),i=0;i<o.length;i++)o[i].style.display=\"none\";for(i=0;i<a.length;i++)s=a[i],e.source===s.contentWindow&&(s.removeAttribute(\"style\"),\"height\"===t.message?(1e3<(r=parseInt(t.value,10))?r=1e3:~~r<200&&(r=200),s.height=r):\"link\"===t.message&&(r=new URL(s.getAttribute(\"src\")),n=new URL(t.value),c.test(n.protocol))&&n.host===r.host&&l.activeElement===s&&(d.top.location.href=t.value))}},d.addEventListener(\"message\",d.wp.receiveEmbedMessage,!1),l.addEventListener(\"DOMContentLoaded\",function(){for(var e,t,s=l.querySelectorAll(\"iframe.wp-embedded-content\"),r=0;r<s.length;r++)(t=(e=s[r]).getAttribute(\"data-secret\"))||(t=Math.random().toString(36).substring(2,12),e.src+=\"#?secret=\"+t,e.setAttribute(\"data-secret\",t)),e.contentWindow.postMessage({message:\"ready\",secret:t},\"*\")},!1)))}(window,document);\n\/\/# sourceURL=https:\/\/janze-athletisme.fr\/wordpress\/wp-includes\/js\/wp-embed.min.js\n<\/script>\n","thumbnail_url":"https:\/\/janze-athletisme.fr\/wordpress\/wp-content\/uploads\/2024\/07\/DSC_6989.jpg","thumbnail_width":1201,"thumbnail_height":1200,"description":"Championnats de Bretagne \u00c9lites, Redon, 29\/30 juin Apr\u00e8s les huit m\u00e9dailles d&rsquo;un samedi superbe (Lucie Duvigneau sur 400m CAF, Bastien Fert sur 400m ESM et Esteban Bouillaux au 3000m CAM en or, Fran\u00e7ois Chevalier sur 400m CAM, Yoann Devaud sur 400m SEM et le 4x100m CAF en argent, Ewen Huchet \u00e0 la hauteur ESM et [&hellip;]"}

Janzé Athlétisme

Régionaux : un bilan global très satisfaisant - Janzé Athlétisme

<blockquote class="wp-embedded-content" data-secret="4WL1Lx0HgM"><a href="https://janze-athletisme.fr/wordpress/regionaux-un-bilan-global-tres-satisfaisant/">Régionaux : un bilan global très satisfaisant</a></blockquote><iframe sandbox="allow-scripts" security="restricted" src="https://janze-athletisme.fr/wordpress/regionaux-un-bilan-global-tres-satisfaisant/embed/#?secret=4WL1Lx0HgM" width="600" height="338" title="« Régionaux : un bilan global très satisfaisant » &#8212; Janzé Athlétisme" data-secret="4WL1Lx0HgM" frameborder="0" marginwidth="0" marginheight="0" scrolling="no" class="wp-embedded-content"></iframe><script>
/*! This file is auto-generated */
!function(d,l){"use strict";l.querySelector&&d.addEventListener&&"undefined"!=typeof URL&&(d.wp=d.wp||{},d.wp.receiveEmbedMessage||(d.wp.receiveEmbedMessage=function(e){var t=e.data;if((t||t.secret||t.message||t.value)&&!/[^a-zA-Z0-9]/.test(t.secret)){for(var s,r,n,a=l.querySelectorAll('iframe[data-secret="'+t.secret+'"]'),o=l.querySelectorAll('blockquote[data-secret="'+t.secret+'"]'),c=new RegExp("^https?:$","i"),i=0;i<o.length;i++)o[i].style.display="none";for(i=0;i<a.length;i++)s=a[i],e.source===s.contentWindow&&(s.removeAttribute("style"),"height"===t.message?(1e3<(r=parseInt(t.value,10))?r=1e3:~~r<200&&(r=200),s.height=r):"link"===t.message&&(r=new URL(s.getAttribute("src")),n=new URL(t.value),c.test(n.protocol))&&n.host===r.host&&l.activeElement===s&&(d.top.location.href=t.value))}},d.addEventListener("message",d.wp.receiveEmbedMessage,!1),l.addEventListener("DOMContentLoaded",function(){for(var e,t,s=l.querySelectorAll("iframe.wp-embedded-content"),r=0;r<s.length;r++)(t=(e=s[r]).getAttribute("data-secret"))||(t=Math.random().toString(36).substring(2,12),e.src+="#?secret="+t,e.setAttribute("data-secret",t)),e.contentWindow.postMessage({message:"ready",secret:t},"*")},!1)))}(window,document);
//# sourceURL=https://janze-athletisme.fr/wordpress/wp-includes/js/wp-embed.min.js
</script>

Championnats de Bretagne Élites, Redon, 29/30 juin Après les huit médailles d&rsquo;un samedi superbe (Lucie Duvigneau sur 400m CAF, Bastien Fert sur 400m ESM et Esteban Bouillaux au 3000m CAM en or, François Chevalier sur 400m CAM, Yoann Devaud sur 400m SEM et le 4x100m CAF en argent, Ewen Huchet à la hauteur ESM et [&hellip;]
