{"version":"1.0","provider_name":"Janz\u00e9 Athl\u00e9tisme","provider_url":"https:\/\/janze-athletisme.fr\/wordpress","author_name":"Cl\u00e9mence Lamoureux","author_url":"https:\/\/janze-athletisme.fr\/wordpress\/author\/clem_lamoureux35\/","title":"Des athl\u00e8tes polyvalents ! - Janz\u00e9 Athl\u00e9tisme","type":"rich","width":600,"height":338,"html":"<blockquote class=\"wp-embedded-content\" data-secret=\"8nWdfIKqck\"><a href=\"https:\/\/janze-athletisme.fr\/wordpress\/des-athletes-polyvalents\/\">Des athl\u00e8tes polyvalents !<\/a><\/blockquote><iframe sandbox=\"allow-scripts\" security=\"restricted\" src=\"https:\/\/janze-athletisme.fr\/wordpress\/des-athletes-polyvalents\/embed\/#?secret=8nWdfIKqck\" width=\"600\" height=\"338\" title=\"\u00ab\u00a0Des athl\u00e8tes polyvalents !\u00a0\u00bb &#8212; Janz\u00e9 Athl\u00e9tisme\" data-secret=\"8nWdfIKqck\" frameborder=\"0\" marginwidth=\"0\" marginheight=\"0\" scrolling=\"no\" class=\"wp-embedded-content\"><\/iframe><script>\n\/*! This file is auto-generated *\/\n!function(d,l){\"use strict\";l.querySelector&&d.addEventListener&&\"undefined\"!=typeof URL&&(d.wp=d.wp||{},d.wp.receiveEmbedMessage||(d.wp.receiveEmbedMessage=function(e){var t=e.data;if((t||t.secret||t.message||t.value)&&!\/[^a-zA-Z0-9]\/.test(t.secret)){for(var s,r,n,a=l.querySelectorAll('iframe[data-secret=\"'+t.secret+'\"]'),o=l.querySelectorAll('blockquote[data-secret=\"'+t.secret+'\"]'),c=new RegExp(\"^https?:$\",\"i\"),i=0;i<o.length;i++)o[i].style.display=\"none\";for(i=0;i<a.length;i++)s=a[i],e.source===s.contentWindow&&(s.removeAttribute(\"style\"),\"height\"===t.message?(1e3<(r=parseInt(t.value,10))?r=1e3:~~r<200&&(r=200),s.height=r):\"link\"===t.message&&(r=new URL(s.getAttribute(\"src\")),n=new URL(t.value),c.test(n.protocol))&&n.host===r.host&&l.activeElement===s&&(d.top.location.href=t.value))}},d.addEventListener(\"message\",d.wp.receiveEmbedMessage,!1),l.addEventListener(\"DOMContentLoaded\",function(){for(var e,t,s=l.querySelectorAll(\"iframe.wp-embedded-content\"),r=0;r<s.length;r++)(t=(e=s[r]).getAttribute(\"data-secret\"))||(t=Math.random().toString(36).substring(2,12),e.src+=\"#?secret=\"+t,e.setAttribute(\"data-secret\",t)),e.contentWindow.postMessage({message:\"ready\",secret:t},\"*\")},!1)))}(window,document);\n\/\/# sourceURL=https:\/\/janze-athletisme.fr\/wordpress\/wp-includes\/js\/wp-embed.min.js\n<\/script>\n","thumbnail_url":"https:\/\/janze-athletisme.fr\/wordpress\/wp-content\/uploads\/2025\/07\/IMG_7611-1-1-scaled.jpg","thumbnail_width":1920,"thumbnail_height":2560,"description":"Championnat de France de Course en Montagne, Val d\u2019Is\u00e8re,&nbsp; le 5 juillet 2024 Une matin\u00e9e productive\u00a0 Apr\u00e8s une bonne nuit de sommeil, nous avons d\u00e9jeun\u00e9 et sommes directement partis \u00e0 la d\u00e9couverte de la for\u00eat environnante. Sur une piste cyclable sillonnant le bois, nous avons couru pas moins de 6,5 km ! Costaud, la veille [&hellip;]"}

Janzé Athlétisme

Clémence Lamoureux

Des athlètes polyvalents ! - Janzé Athlétisme

<blockquote class="wp-embedded-content" data-secret="8nWdfIKqck"><a href="https://janze-athletisme.fr/wordpress/des-athletes-polyvalents/">Des athlètes polyvalents !</a></blockquote><iframe sandbox="allow-scripts" security="restricted" src="https://janze-athletisme.fr/wordpress/des-athletes-polyvalents/embed/#?secret=8nWdfIKqck" width="600" height="338" title="« Des athlètes polyvalents ! » &#8212; Janzé Athlétisme" data-secret="8nWdfIKqck" frameborder="0" marginwidth="0" marginheight="0" scrolling="no" class="wp-embedded-content"></iframe><script>
/*! This file is auto-generated */
!function(d,l){"use strict";l.querySelector&&d.addEventListener&&"undefined"!=typeof URL&&(d.wp=d.wp||{},d.wp.receiveEmbedMessage||(d.wp.receiveEmbedMessage=function(e){var t=e.data;if((t||t.secret||t.message||t.value)&&!/[^a-zA-Z0-9]/.test(t.secret)){for(var s,r,n,a=l.querySelectorAll('iframe[data-secret="'+t.secret+'"]'),o=l.querySelectorAll('blockquote[data-secret="'+t.secret+'"]'),c=new RegExp("^https?:$","i"),i=0;i<o.length;i++)o[i].style.display="none";for(i=0;i<a.length;i++)s=a[i],e.source===s.contentWindow&&(s.removeAttribute("style"),"height"===t.message?(1e3<(r=parseInt(t.value,10))?r=1e3:~~r<200&&(r=200),s.height=r):"link"===t.message&&(r=new URL(s.getAttribute("src")),n=new URL(t.value),c.test(n.protocol))&&n.host===r.host&&l.activeElement===s&&(d.top.location.href=t.value))}},d.addEventListener("message",d.wp.receiveEmbedMessage,!1),l.addEventListener("DOMContentLoaded",function(){for(var e,t,s=l.querySelectorAll("iframe.wp-embedded-content"),r=0;r<s.length;r++)(t=(e=s[r]).getAttribute("data-secret"))||(t=Math.random().toString(36).substring(2,12),e.src+="#?secret="+t,e.setAttribute("data-secret",t)),e.contentWindow.postMessage({message:"ready",secret:t},"*")},!1)))}(window,document);
//# sourceURL=https://janze-athletisme.fr/wordpress/wp-includes/js/wp-embed.min.js
</script>

Championnat de France de Course en Montagne, Val d’Isère,&nbsp; le 5 juillet 2024 Une matinée productive  Après une bonne nuit de sommeil, nous avons déjeuné et sommes directement partis à la découverte de la forêt environnante. Sur une piste cyclable sillonnant le bois, nous avons couru pas moins de 6,5 km ! Costaud, la veille [&hellip;]
