{"version":"1.0","provider_name":"Janz\u00e9 Athl\u00e9tisme","provider_url":"https:\/\/janze-athletisme.fr\/wordpress","author_name":"Fr\u00e9d\u00e9ric Graye","author_url":"https:\/\/janze-athletisme.fr\/wordpress\/author\/jathe_adm\/","title":"Comp\u00e9tition \u00e0 Janz\u00e9 - Janz\u00e9 Athl\u00e9tisme","type":"rich","width":600,"height":338,"html":"<blockquote class=\"wp-embedded-content\" data-secret=\"28NB9b7DMu\"><a href=\"https:\/\/janze-athletisme.fr\/wordpress\/competition-a-janze\/\">Comp\u00e9tition \u00e0 Janz\u00e9<\/a><\/blockquote><iframe sandbox=\"allow-scripts\" security=\"restricted\" src=\"https:\/\/janze-athletisme.fr\/wordpress\/competition-a-janze\/embed\/#?secret=28NB9b7DMu\" width=\"600\" height=\"338\" title=\"\u00ab\u00a0Comp\u00e9tition \u00e0 Janz\u00e9\u00a0\u00bb &#8212; Janz\u00e9 Athl\u00e9tisme\" data-secret=\"28NB9b7DMu\" frameborder=\"0\" marginwidth=\"0\" marginheight=\"0\" scrolling=\"no\" class=\"wp-embedded-content\"><\/iframe><script>\n\/*! This file is auto-generated *\/\n!function(d,l){\"use strict\";l.querySelector&&d.addEventListener&&\"undefined\"!=typeof URL&&(d.wp=d.wp||{},d.wp.receiveEmbedMessage||(d.wp.receiveEmbedMessage=function(e){var t=e.data;if((t||t.secret||t.message||t.value)&&!\/[^a-zA-Z0-9]\/.test(t.secret)){for(var s,r,n,a=l.querySelectorAll('iframe[data-secret=\"'+t.secret+'\"]'),o=l.querySelectorAll('blockquote[data-secret=\"'+t.secret+'\"]'),c=new RegExp(\"^https?:$\",\"i\"),i=0;i<o.length;i++)o[i].style.display=\"none\";for(i=0;i<a.length;i++)s=a[i],e.source===s.contentWindow&&(s.removeAttribute(\"style\"),\"height\"===t.message?(1e3<(r=parseInt(t.value,10))?r=1e3:~~r<200&&(r=200),s.height=r):\"link\"===t.message&&(r=new URL(s.getAttribute(\"src\")),n=new URL(t.value),c.test(n.protocol))&&n.host===r.host&&l.activeElement===s&&(d.top.location.href=t.value))}},d.addEventListener(\"message\",d.wp.receiveEmbedMessage,!1),l.addEventListener(\"DOMContentLoaded\",function(){for(var e,t,s=l.querySelectorAll(\"iframe.wp-embedded-content\"),r=0;r<s.length;r++)(t=(e=s[r]).getAttribute(\"data-secret\"))||(t=Math.random().toString(36).substring(2,12),e.src+=\"#?secret=\"+t,e.setAttribute(\"data-secret\",t)),e.contentWindow.postMessage({message:\"ready\",secret:t},\"*\")},!1)))}(window,document);\n\/\/# sourceURL=https:\/\/janze-athletisme.fr\/wordpress\/wp-includes\/js\/wp-embed.min.js\n<\/script>\n","description":"Championnat d\u00e9partemental d&rsquo;\u00e9preuves combin\u00e9es BE Ce samedi 11 mai, notre club organisait sa premi\u00e8re comp\u00e9tition \u00e0 domicile depuis de nombreuses ann\u00e9es. Il s&rsquo;agissait du championnat d\u00e9partemental d&rsquo;\u00e9preuves combin\u00e9es, pour la cat\u00e9gorie benjamins &#8211; benjamines.\u00a0 Nous avions 15 janz\u00e9ens engag\u00e9s sur ce championnat. Au programme, pour chaque athl\u00e8te, 4 \u00e9preuves : 50m haies, saut en hauteur, [&hellip;]","thumbnail_url":"http:\/\/janze-athletisme.fr\/wordpress\/wp-content\/uploads\/2019\/05\/IMG_20190511_182702-Copie-1024x807.jpg"}

Janzé Athlétisme

Frédéric Graye

Compétition à Janzé - Janzé Athlétisme

<blockquote class="wp-embedded-content" data-secret="28NB9b7DMu"><a href="https://janze-athletisme.fr/wordpress/competition-a-janze/">Compétition à Janzé</a></blockquote><iframe sandbox="allow-scripts" security="restricted" src="https://janze-athletisme.fr/wordpress/competition-a-janze/embed/#?secret=28NB9b7DMu" width="600" height="338" title="« Compétition à Janzé » &#8212; Janzé Athlétisme" data-secret="28NB9b7DMu" frameborder="0" marginwidth="0" marginheight="0" scrolling="no" class="wp-embedded-content"></iframe><script>
/*! This file is auto-generated */
!function(d,l){"use strict";l.querySelector&&d.addEventListener&&"undefined"!=typeof URL&&(d.wp=d.wp||{},d.wp.receiveEmbedMessage||(d.wp.receiveEmbedMessage=function(e){var t=e.data;if((t||t.secret||t.message||t.value)&&!/[^a-zA-Z0-9]/.test(t.secret)){for(var s,r,n,a=l.querySelectorAll('iframe[data-secret="'+t.secret+'"]'),o=l.querySelectorAll('blockquote[data-secret="'+t.secret+'"]'),c=new RegExp("^https?:$","i"),i=0;i<o.length;i++)o[i].style.display="none";for(i=0;i<a.length;i++)s=a[i],e.source===s.contentWindow&&(s.removeAttribute("style"),"height"===t.message?(1e3<(r=parseInt(t.value,10))?r=1e3:~~r<200&&(r=200),s.height=r):"link"===t.message&&(r=new URL(s.getAttribute("src")),n=new URL(t.value),c.test(n.protocol))&&n.host===r.host&&l.activeElement===s&&(d.top.location.href=t.value))}},d.addEventListener("message",d.wp.receiveEmbedMessage,!1),l.addEventListener("DOMContentLoaded",function(){for(var e,t,s=l.querySelectorAll("iframe.wp-embedded-content"),r=0;r<s.length;r++)(t=(e=s[r]).getAttribute("data-secret"))||(t=Math.random().toString(36).substring(2,12),e.src+="#?secret="+t,e.setAttribute("data-secret",t)),e.contentWindow.postMessage({message:"ready",secret:t},"*")},!1)))}(window,document);
//# sourceURL=https://janze-athletisme.fr/wordpress/wp-includes/js/wp-embed.min.js
</script>

Championnat départemental d&rsquo;épreuves combinées BE Ce samedi 11 mai, notre club organisait sa première compétition à domicile depuis de nombreuses années. Il s&rsquo;agissait du championnat départemental d&rsquo;épreuves combinées, pour la catégorie benjamins &#8211; benjamines.  Nous avions 15 janzéens engagés sur ce championnat. Au programme, pour chaque athlète, 4 épreuves : 50m haies, saut en hauteur, [&hellip;]
