{"version":"1.0","provider_name":"Janz\u00e9 Athl\u00e9tisme","provider_url":"https:\/\/janze-athletisme.fr\/wordpress","author_name":"Laurent Meunier","author_url":"https:\/\/janze-athletisme.fr\/wordpress\/author\/laurent-meunier35\/","title":"C'est reparti pour la pr\u00e9pa cross - Janz\u00e9 Athl\u00e9tisme","type":"rich","width":600,"height":338,"html":"<blockquote class=\"wp-embedded-content\" data-secret=\"57PDnsiP8W\"><a href=\"https:\/\/janze-athletisme.fr\/wordpress\/cest-reparti-pour-la-prepa-cross\/\">C&rsquo;est reparti pour la pr\u00e9pa cross<\/a><\/blockquote><iframe sandbox=\"allow-scripts\" security=\"restricted\" src=\"https:\/\/janze-athletisme.fr\/wordpress\/cest-reparti-pour-la-prepa-cross\/embed\/#?secret=57PDnsiP8W\" width=\"600\" height=\"338\" title=\"\u00ab\u00a0C&rsquo;est reparti pour la pr\u00e9pa cross\u00a0\u00bb &#8212; Janz\u00e9 Athl\u00e9tisme\" data-secret=\"57PDnsiP8W\" frameborder=\"0\" marginwidth=\"0\" marginheight=\"0\" scrolling=\"no\" class=\"wp-embedded-content\"><\/iframe><script>\n\/*! This file is auto-generated *\/\n!function(d,l){\"use strict\";l.querySelector&&d.addEventListener&&\"undefined\"!=typeof URL&&(d.wp=d.wp||{},d.wp.receiveEmbedMessage||(d.wp.receiveEmbedMessage=function(e){var t=e.data;if((t||t.secret||t.message||t.value)&&!\/[^a-zA-Z0-9]\/.test(t.secret)){for(var s,r,n,a=l.querySelectorAll('iframe[data-secret=\"'+t.secret+'\"]'),o=l.querySelectorAll('blockquote[data-secret=\"'+t.secret+'\"]'),c=new RegExp(\"^https?:$\",\"i\"),i=0;i<o.length;i++)o[i].style.display=\"none\";for(i=0;i<a.length;i++)s=a[i],e.source===s.contentWindow&&(s.removeAttribute(\"style\"),\"height\"===t.message?(1e3<(r=parseInt(t.value,10))?r=1e3:~~r<200&&(r=200),s.height=r):\"link\"===t.message&&(r=new URL(s.getAttribute(\"src\")),n=new URL(t.value),c.test(n.protocol))&&n.host===r.host&&l.activeElement===s&&(d.top.location.href=t.value))}},d.addEventListener(\"message\",d.wp.receiveEmbedMessage,!1),l.addEventListener(\"DOMContentLoaded\",function(){for(var e,t,s=l.querySelectorAll(\"iframe.wp-embedded-content\"),r=0;r<s.length;r++)(t=(e=s[r]).getAttribute(\"data-secret\"))||(t=Math.random().toString(36).substring(2,12),e.src+=\"#?secret=\"+t,e.setAttribute(\"data-secret\",t)),e.contentWindow.postMessage({message:\"ready\",secret:t},\"*\")},!1)))}(window,document);\n\/\/# sourceURL=https:\/\/janze-athletisme.fr\/wordpress\/wp-includes\/js\/wp-embed.min.js\n<\/script>\n","thumbnail_url":"https:\/\/janze-athletisme.fr\/wordpress\/wp-content\/uploads\/2024\/12\/Prepa-cross-Pance-22dec2024.jpg","thumbnail_width":1804,"thumbnail_height":1200,"description":"Comme chaque ann\u00e9e, \u00e0 cette p\u00e9riode, des s\u00e9ances sp\u00e9cifiques de pr\u00e9paration au cross vont avoir lieu durant les vacances de No\u00ebl. Apr\u00e8s le cross coh\u00e9sion club du 14 d\u00e9cembre et une petite semaine de repos bienvenue, la s\u00e9quence a d\u00e9but\u00e9 ce premier week-end des vacances pour le groupe demi-fond jeunes par un footing de 8 [&hellip;]"}

Janzé Athlétisme

C'est reparti pour la prépa cross - Janzé Athlétisme

<blockquote class="wp-embedded-content" data-secret="57PDnsiP8W"><a href="https://janze-athletisme.fr/wordpress/cest-reparti-pour-la-prepa-cross/">C&rsquo;est reparti pour la prépa cross</a></blockquote><iframe sandbox="allow-scripts" security="restricted" src="https://janze-athletisme.fr/wordpress/cest-reparti-pour-la-prepa-cross/embed/#?secret=57PDnsiP8W" width="600" height="338" title="« C&rsquo;est reparti pour la prépa cross » &#8212; Janzé Athlétisme" data-secret="57PDnsiP8W" frameborder="0" marginwidth="0" marginheight="0" scrolling="no" class="wp-embedded-content"></iframe><script>
/*! This file is auto-generated */
!function(d,l){"use strict";l.querySelector&&d.addEventListener&&"undefined"!=typeof URL&&(d.wp=d.wp||{},d.wp.receiveEmbedMessage||(d.wp.receiveEmbedMessage=function(e){var t=e.data;if((t||t.secret||t.message||t.value)&&!/[^a-zA-Z0-9]/.test(t.secret)){for(var s,r,n,a=l.querySelectorAll('iframe[data-secret="'+t.secret+'"]'),o=l.querySelectorAll('blockquote[data-secret="'+t.secret+'"]'),c=new RegExp("^https?:$","i"),i=0;i<o.length;i++)o[i].style.display="none";for(i=0;i<a.length;i++)s=a[i],e.source===s.contentWindow&&(s.removeAttribute("style"),"height"===t.message?(1e3<(r=parseInt(t.value,10))?r=1e3:~~r<200&&(r=200),s.height=r):"link"===t.message&&(r=new URL(s.getAttribute("src")),n=new URL(t.value),c.test(n.protocol))&&n.host===r.host&&l.activeElement===s&&(d.top.location.href=t.value))}},d.addEventListener("message",d.wp.receiveEmbedMessage,!1),l.addEventListener("DOMContentLoaded",function(){for(var e,t,s=l.querySelectorAll("iframe.wp-embedded-content"),r=0;r<s.length;r++)(t=(e=s[r]).getAttribute("data-secret"))||(t=Math.random().toString(36).substring(2,12),e.src+="#?secret="+t,e.setAttribute("data-secret",t)),e.contentWindow.postMessage({message:"ready",secret:t},"*")},!1)))}(window,document);
//# sourceURL=https://janze-athletisme.fr/wordpress/wp-includes/js/wp-embed.min.js
</script>

Comme chaque année, à cette période, des séances spécifiques de préparation au cross vont avoir lieu durant les vacances de Noël. Après le cross cohésion club du 14 décembre et une petite semaine de repos bienvenue, la séquence a débuté ce premier week-end des vacances pour le groupe demi-fond jeunes par un footing de 8 [&hellip;]
