{"version":"1.0","provider_name":"Janz\u00e9 Athl\u00e9tisme","provider_url":"https:\/\/janze-athletisme.fr\/wordpress","author_name":"Jean-Marie Jouzel","author_url":"https:\/\/janze-athletisme.fr\/wordpress\/author\/jmjouzel\/","title":"Cancale - Janz\u00e9 Athl\u00e9tisme","type":"rich","width":600,"height":338,"html":"<blockquote class=\"wp-embedded-content\" data-secret=\"gXYyVGSw6M\"><a href=\"https:\/\/janze-athletisme.fr\/wordpress\/cancale\/\">Cancale<\/a><\/blockquote><iframe sandbox=\"allow-scripts\" security=\"restricted\" src=\"https:\/\/janze-athletisme.fr\/wordpress\/cancale\/embed\/#?secret=gXYyVGSw6M\" width=\"600\" height=\"338\" title=\"\u00ab\u00a0Cancale\u00a0\u00bb &#8212; Janz\u00e9 Athl\u00e9tisme\" data-secret=\"gXYyVGSw6M\" frameborder=\"0\" marginwidth=\"0\" marginheight=\"0\" scrolling=\"no\" class=\"wp-embedded-content\"><\/iframe><script>\n\/*! This file is auto-generated *\/\n!function(d,l){\"use strict\";l.querySelector&&d.addEventListener&&\"undefined\"!=typeof URL&&(d.wp=d.wp||{},d.wp.receiveEmbedMessage||(d.wp.receiveEmbedMessage=function(e){var t=e.data;if((t||t.secret||t.message||t.value)&&!\/[^a-zA-Z0-9]\/.test(t.secret)){for(var s,r,n,a=l.querySelectorAll('iframe[data-secret=\"'+t.secret+'\"]'),o=l.querySelectorAll('blockquote[data-secret=\"'+t.secret+'\"]'),c=new RegExp(\"^https?:$\",\"i\"),i=0;i<o.length;i++)o[i].style.display=\"none\";for(i=0;i<a.length;i++)s=a[i],e.source===s.contentWindow&&(s.removeAttribute(\"style\"),\"height\"===t.message?(1e3<(r=parseInt(t.value,10))?r=1e3:~~r<200&&(r=200),s.height=r):\"link\"===t.message&&(r=new URL(s.getAttribute(\"src\")),n=new URL(t.value),c.test(n.protocol))&&n.host===r.host&&l.activeElement===s&&(d.top.location.href=t.value))}},d.addEventListener(\"message\",d.wp.receiveEmbedMessage,!1),l.addEventListener(\"DOMContentLoaded\",function(){for(var e,t,s=l.querySelectorAll(\"iframe.wp-embedded-content\"),r=0;r<s.length;r++)(t=(e=s[r]).getAttribute(\"data-secret\"))||(t=Math.random().toString(36).substring(2,12),e.src+=\"#?secret=\"+t,e.setAttribute(\"data-secret\",t)),e.contentWindow.postMessage({message:\"ready\",secret:t},\"*\")},!1)))}(window,document);\n\/\/# sourceURL=https:\/\/janze-athletisme.fr\/wordpress\/wp-includes\/js\/wp-embed.min.js\n<\/script>\n","description":"Semi-marathon Mont St Michel Fr\u00e9d\u00e9rique et Val\u00e9rie \u00e9taient nos deux ambassadrices de charme pour ce WE de marathon au Mont St Michel. Apr\u00e8s une pr\u00e9pa intense, elles se sont lanc\u00e9es sur le semi-marathon le samedi. Bravo pour votre course et bient\u00f4t la pr\u00e9pa pour un marathon peut-\u00eatre ? [ws_table id=\u00a0\u00bb844&Prime;]"}

Janzé Athlétisme

Cancale - Janzé Athlétisme

<blockquote class="wp-embedded-content" data-secret="gXYyVGSw6M"><a href="https://janze-athletisme.fr/wordpress/cancale/">Cancale</a></blockquote><iframe sandbox="allow-scripts" security="restricted" src="https://janze-athletisme.fr/wordpress/cancale/embed/#?secret=gXYyVGSw6M" width="600" height="338" title="« Cancale » &#8212; Janzé Athlétisme" data-secret="gXYyVGSw6M" frameborder="0" marginwidth="0" marginheight="0" scrolling="no" class="wp-embedded-content"></iframe><script>
/*! This file is auto-generated */
!function(d,l){"use strict";l.querySelector&&d.addEventListener&&"undefined"!=typeof URL&&(d.wp=d.wp||{},d.wp.receiveEmbedMessage||(d.wp.receiveEmbedMessage=function(e){var t=e.data;if((t||t.secret||t.message||t.value)&&!/[^a-zA-Z0-9]/.test(t.secret)){for(var s,r,n,a=l.querySelectorAll('iframe[data-secret="'+t.secret+'"]'),o=l.querySelectorAll('blockquote[data-secret="'+t.secret+'"]'),c=new RegExp("^https?:$","i"),i=0;i<o.length;i++)o[i].style.display="none";for(i=0;i<a.length;i++)s=a[i],e.source===s.contentWindow&&(s.removeAttribute("style"),"height"===t.message?(1e3<(r=parseInt(t.value,10))?r=1e3:~~r<200&&(r=200),s.height=r):"link"===t.message&&(r=new URL(s.getAttribute("src")),n=new URL(t.value),c.test(n.protocol))&&n.host===r.host&&l.activeElement===s&&(d.top.location.href=t.value))}},d.addEventListener("message",d.wp.receiveEmbedMessage,!1),l.addEventListener("DOMContentLoaded",function(){for(var e,t,s=l.querySelectorAll("iframe.wp-embedded-content"),r=0;r<s.length;r++)(t=(e=s[r]).getAttribute("data-secret"))||(t=Math.random().toString(36).substring(2,12),e.src+="#?secret="+t,e.setAttribute("data-secret",t)),e.contentWindow.postMessage({message:"ready",secret:t},"*")},!1)))}(window,document);
//# sourceURL=https://janze-athletisme.fr/wordpress/wp-includes/js/wp-embed.min.js
</script>

Semi-marathon Mont St Michel Frédérique et Valérie étaient nos deux ambassadrices de charme pour ce WE de marathon au Mont St Michel. Après une prépa intense, elles se sont lancées sur le semi-marathon le samedi. Bravo pour votre course et bientôt la prépa pour un marathon peut-être ? [ws_table id= »844&Prime;]
